remainder when 25 is divided by o?
12
Let m(g) = -3. Let x(b) = b + 7. Let l(p) = 7*m(p) + 3*x(p). Let w be l(-1). Calculate the remainder when 25 is divided by (-38)/w + 3/9.
12
Suppose 0 = -0*p + 2*p - 6. Let l be ((-2)/p)/(3/54). Calculate the remainder when (-2)/(-3) - 88/l is divided by 3.
2
Let f = -11 + 13. Suppose 2*l + 4*y = 40, 0 = -f*y - 2*y + 12. Let g = 42 + -16. What is the remainder when g is divided by l?
12
Let q(g) = g + 11. Let m be q(-9). Suppose -m*s = 2*s - 4. Calculate the remainder when 2 is divided by s.
0
What is the remainder when 84 is divided by 33 + (-3 - -7)*-1?
26
Let b(n) = 6*n - 7. Suppose -r = 3*r - 108. Let d = 39 - r. What is the remainder when b(5) is divided by d?
11
What is the remainder when 9 is divided by ((-6)/(-2))/(6/4)?
1
Suppose -4*t = -s + 7 - 40, 2*s + 30 = 4*t. What is the remainder when 62 is divided by t?
8
Suppose -5*h - 6 = -81. Calculate the remainder when 72 is divided by h.
12
Suppose 113 - 15 = 7*g. Suppose -u + 5 + 7 = -2*m, 0 = -5*u + m + 33. Let n = u + 2. Calculate the remainder when g is divided by n.
6
Let q(t) = -t + 14. Let z = 14 + -7. What is the remainder when q(z) is divided by 2?
1
Let c = -5 - -6. Let i be c + 4 - (-2 + 4). Suppose -g - l = -6*l + 3, -3*l - 15 = -i*g. What is the remainder when 19 is divided by g?
5
Let b(q) = q**2 - 3*q + 9. Calculate the remainder when 33 is divided by b(0).
6
Let f(g) = -g**3 + 19*g**2 + g - 8. Calculate the remainder when f(19) is divided by 7.
4
Let g = 196 - 128. Let i = 32 + -9. Calculate the remainder when g is divided by i.
22
Suppose 4*o + 0*r - 49 = -3*r, 4*o - 46 = -2*r. Let b(l) = -2*l**3 - 5*l**2 + 2*l - 3. What is the remainder when b(-4) is divided by o?
7
Let r(l) = -l**3 + 5*l**2 + 7*l - 1. Let t(u) = -u**3 + 5*u**2 + 8*u + 7. What is the remainder when t(6) is divided by r(6)?
4
Suppose 3*m - 60 = m. Suppose 0 = -4*s + 7*s - m. Calculate the remainder when 39 is divided by s.
9
Suppose 2*o - 27 = -3*t + 152, -t + 63 = 4*o. Let f be 10*3/((-6)/(-4)). What is the remainder when t is divided by 2/(2 - 38/f)?
19
Let c(m) = 8*m**2 + 30*m + 6. Let n = -9 + 14. Calculate the remainder when c(-4) is divided by n.
4
Let j(k) = k**3 + 9*k**2 + 6*k + 3. Let u be j(-8). Let d = u + -2. Calculate the remainder when d is divided by 6.
5
Suppose -p + 4*a - 18 = 0, 3*a - 23 = -4*p - 0*p. Suppose -r + 9 = p. Calculate the remainder when 13 is divided by r.
6
Suppose 4*u + 0*w + w - 131 = 0, -2*u + 5*w = -49. What is the remainder when 94 is divided by u?
30
Let i = -3 + 29. Calculate the remainder when 49 is divided by i.
23
Let w(g) = 2*g - 2. Let y be w(4). Suppose -o + y*o = v + 173, -4*o = -5*v - 130. What is the remainder when o is divided by 12?
11
Let d(c) = 15*c**2 + 2*c + 1. Calculate the remainder when 25 is divided by d(-1).
11
Let j = -46 + 72. Calculate the remainder when 127 is divided by j.
23
Let f be -1 + 6*2/4. Let k(z) = 70*z**2 + 4*z - 3. Let h be k(f). Suppose -h = -i - 4*i. Calculate the remainder when i is divided by 15.
12
Suppose 4 = r - 5. Calculate the remainder when 80 is divided by r.
8
Let w(q) = -q**3 - 3*q**2 + 4*q + 3. Let p be w(-4). Suppose -p*l = -0*l - 75. Calculate the remainder when l is divided by 13.
12
Let z(t) = t**2 - 5*t + 4. Let y = -4 - -9. Let d = y + 1. What is the remainder when d is divided by z(5)?
2
Suppose 8 = -2*p + 3*p. What is the remainder when 47 is divided by (-7)/((-21)/6)*p?
15
Suppose -6*g + 277 = -77. Calculate the remainder when g is divided by 10.
9
Suppose 5*d - 348 = l, d - 2*l - 27 = 48. Calculate the remainder when d is divided by 18.
15
Let q(s) = -2*s + 1. Let j be q(-2). Suppose 7 = j*k - 8. What is the remainder when 11 is divided by k?
2
Let p(o) = -o**3 + 4*o**2 - 2. Let s be p(4). Let k(t) = 1 + 8 - 15*t - 7. Calculate the remainder when k(s) is divided by 11.
10
Let j = 2 + 0. Suppose -3*o + j*b + 51 = 5*b, 130 = 5*o - 4*b. Calculate the remainder when 65 is divided by o.
21
Suppose z = 5*h - 102, -z = -3*h + 2*z + 54. Suppose 5*k = 34 + h. Calculate the remainder when 21 is divided by k.
10
Let g be (15 - 8/4)*-1. Let r = -6 - g. What is the remainder when 17 is divided by r?
3
What is the remainder when 22 is divided by (-1)/4 - (-99)/12?
6
Let v(c) = 2 - 2 + 468*c - 463*c. Suppose 0 = p - 0*p - 2. What is the remainder when v(p) is divided by 6?
4
Suppose 0 = -2*f + 2, 3*d + 7 - 20 = 2*f. Let c = 0 + 3. Suppose d*w + c = 43. Calculate the remainder when w is divided by 3.
2
Suppose 4*y = j - 26, -3*j = -4*y + y - 78. What is the remainder when j is divided by 10?
6
Suppose -5*f = -5*z + 1355, 3 = -2*f + 5. Suppose 0*j = j + 5*g - 93, 4*j - z = 5*g. Let c = -48 + j. What is the remainder when c is divided by 14?
11
Suppose 5*w - 13 + 243 = 0. Let m = 76 + w. What is the remainder when m is divided by 11?
8
Let y = 122 - 113. Calculate the remainder when y is divided by 5.
4
Let i(t) = -t**3 - t + 8. Let b be i(0). Let k = 68 - b. Let q = k - 13. Calculate the remainder when q is divided by 16.
15
Suppose 5 = y - 5. What is the remainder when 58 is divided by y?
8
Let c(m) be the second derivative of m**4/6 - m**3/6 + 2*m. Suppose 9 = 3*n + 3. What is the remainder when c(-1) is divided by n?
1
Suppose 0 = -f - f - 2*m + 22, -10 = 5*m. Suppose 2*l - 10 = -0. What is the remainder when f is divided by l?
3
Suppose 5*i + 34 - 149 = 0. Calculate the remainder when 43 is divided by i.
20
Let k = 2 + 3. Let d(g) be the third derivative of 5*g**4/12 - g**3 - 2*g**2. Calculate the remainder when d(k) is divided by 15.
14
Let k = 30 - -1. What is the remainder when k is divided by 8?
7
Let c(b) = b**2 - 3*b - 34. Calculate the remainder when (-8)/10*290/(-4) is divided by c(-6).
18
Let k(h) = -h**2 - 9*h - 7. Suppose 4*l = -5*j - 19, 3*l + 14 = -4*j - 0*j. Calculate the remainder when 32 is divided by k(l).
10
Suppose 0 = -4*h + 2*h + 4. Suppose -p - h*p = -15. Suppose -5*s - 3*j + 19 = 0, 5*j - 5 = 2*s + 3*s. What is the remainder when p is divided by s?
1
Suppose -53 = -5*u + 27. Calculate the remainder when 2 is divided by 1/(-4) - (-20)/u.
0
Let a(p) = -p + 9. Suppose 2*g - 85 = -3*g. What is the remainder when g is divided by a(3)?
5
Let i(t) = -t**2 - 9*t + 16. Let o be i(-11). What is the remainder when 8 is divided by -2*(-3)/o*-5?
3
Let m(y) = -6*y - 7. Let c = -2 + -3. Let v be m(c). Let t = 33 - v. What is the remainder when t is divided by 4?
2
Let g(l) = -l**3 + 4*l**2 + 4*l - 6. Let h(f) = f + 4. Calculate the remainder when g(4) is divided by h(0).
2
Let p = 125 + -278. Let l = -32 - p. Suppose 4*v + 9 - l = 0. Calculate the remainder when v is divided by 10.
8
Suppose 2*g - c = 25, -97 + 30 = -5*g + c. Calculate the remainder when 25 is divided by g.
11
Suppose 56 = 2*x + 4. Calculate the remainder when 99 + (-1 + 4)/((-3)/(-2)) is divided by x.
23
Suppose 0 = 2*h - 27 - 199. Let w = h - 48. What is the remainder when w is divided by 33?
32
Suppose 0 = -5*f + f. Suppose -4*z + 3*y - 23 + 63 = f, 2*y + 1 = -z. Calculate the remainder when z is divided by 3.
1
Calculate the remainder when 56/(-10)*10/(-2) is divided by 10.
8
Suppose -3 = 4*q - 31. Let b(u) = 2*u - 8. Let p be b(q). Let d = p - -23. Calculate the remainder when d is divided by 10.
9
Suppose 5 = -2*n - 9. Let a(l) = -l**3 - 7*l**2 - 5*l - 10. Calculate the remainder when 48 is divided by a(n).
23
Let b = -118 - -139. Calculate the remainder when 143 is divided by b.
17
Suppose 0*f = 2*f - 2. Calculate the remainder when 24 + (0 - -1)*f is divided by 13.
12
Suppose -3*p + u + 161 = 0, -2*u = 6*p - 3*p - 173. What is the remainder when p is divided by 15?
10
Let a(t) = -t + 22. Calculate the remainder when a(12) is divided by 2.
0
Let z(u) = -69*u - 6. Calculate the remainder when z(-1) is divided by 17.
12
Suppose -2*k - 12 = k. Let r = -5 - k. What is the remainder when 67/6 + r/6 is divided by 4?
3
Let n(v) = -v + 11. Let b(r) = -r + 16. Let s be b(11). What is the remainder when 21 is divided by n(s)?
3
Let y(l) = 3*l**2 - 4*l + 2. Suppose 2*j + 0*j - 4 = 0. What is the remainder when 22 is divided by y(j)?
4
Let n(w) = -7*w + 8. Let i be n(-8). Let z = 99 - i. Calculate the remainder when z is divided by 17 + -1 + (-4)/(-2).
17
Let s be (-20)/(-9) - 6/27. Suppose 4*y - 85 = -x, 0*